{"id":6313,"date":"2017-07-28T07:19:31","date_gmt":"2017-07-28T07:19:31","guid":{"rendered":"https:\/\/clinicajaimeicatarroja.com\/blog\/?page_id=6313"},"modified":"2023-06-30T12:49:58","modified_gmt":"2023-06-30T10:49:58","slug":"trabaja-con-nosotros","status":"publish","type":"page","link":"https:\/\/clinicajaimeicatarroja.com\/blog\/trabaja-con-nosotros","title":{"rendered":"Trabaja con Nosotros"},"content":{"rendered":"<figure id=\"attachment_11169\" aria-describedby=\"caption-attachment-11169\" style=\"width: 1024px\" class=\"wp-caption aligncenter\"><img decoding=\"async\" class=\"size-full wp-image-11169\" src=\"https:\/\/clinicajaimeicatarroja.com\/blog\/wp-content\/uploads\/2021\/02\/enfermera.png\" alt=\"clinica jaime i catarroja\" width=\"1024\" height=\"512\" title=\"\" srcset=\"https:\/\/clinicajaimeicatarroja.com\/blog\/wp-content\/uploads\/2021\/02\/enfermera.png 1024w, https:\/\/clinicajaimeicatarroja.com\/blog\/wp-content\/uploads\/2021\/02\/enfermera-300x150.png 300w, https:\/\/clinicajaimeicatarroja.com\/blog\/wp-content\/uploads\/2021\/02\/enfermera-768x384.png 768w, https:\/\/clinicajaimeicatarroja.com\/blog\/wp-content\/uploads\/2021\/02\/enfermera-940x470.png 940w\" sizes=\"(max-width: 1024px) 100vw, 1024px\" \/><figcaption id=\"caption-attachment-11169\" class=\"wp-caption-text\">clinica jaime i catarroja<\/figcaption><\/figure>\n<h4>M\u00e1ndanos tu Curr\u00edculum Vitae especificando tu especializaci\u00f3n<\/h4>\n<h4><span style=\"color: #ab0505;\">Actualmente estamos ampliando el \u00e1rea de ENFERMER\u00cdA<\/span><\/h4>\n<p><a href=\"https:\/\/clinicajaimeicatarroja.com\/contacto\">https:\/\/clinicajaimeicatarroja.com\/contacto<\/a><\/p>\n","protected":false},"excerpt":{"rendered":"<p>M\u00e1ndanos tu Curr\u00edculum Vitae especificando tu especializaci\u00f3n Actualmente estamos ampliando el \u00e1rea de ENFERMER\u00cdA https:\/\/clinicajaimeicatarroja.com\/contacto<\/p>\n","protected":false},"author":1,"featured_media":0,"parent":0,"menu_order":0,"comment_status":"closed","ping_status":"closed","template":"","meta":{"footnotes":""},"class_list":["post-6313","page","type-page","status-publish","hentry"],"_links":{"self":[{"href":"https:\/\/clinicajaimeicatarroja.com\/blog\/wp-json\/wp\/v2\/pages\/6313","targetHints":{"allow":["GET"]}}],"collection":[{"href":"https:\/\/clinicajaimeicatarroja.com\/blog\/wp-json\/wp\/v2\/pages"}],"about":[{"href":"https:\/\/clinicajaimeicatarroja.com\/blog\/wp-json\/wp\/v2\/types\/page"}],"author":[{"embeddable":true,"href":"https:\/\/clinicajaimeicatarroja.com\/blog\/wp-json\/wp\/v2\/users\/1"}],"replies":[{"embeddable":true,"href":"https:\/\/clinicajaimeicatarroja.com\/blog\/wp-json\/wp\/v2\/comments?post=6313"}],"version-history":[{"count":1,"href":"https:\/\/clinicajaimeicatarroja.com\/blog\/wp-json\/wp\/v2\/pages\/6313\/revisions"}],"predecessor-version":[{"id":14571,"href":"https:\/\/clinicajaimeicatarroja.com\/blog\/wp-json\/wp\/v2\/pages\/6313\/revisions\/14571"}],"wp:attachment":[{"href":"https:\/\/clinicajaimeicatarroja.com\/blog\/wp-json\/wp\/v2\/media?parent=6313"}],"curies":[{"name":"wp","href":"https:\/\/api.w.org\/{rel}","templated":true}]}}